eatest common factor of 103190 and 170.
170
Calculate the greatest common factor of 56 and 1719032.
56
Calculate the highest common factor of 3234 and 789635.
539
Calculate the greatest common divisor of 6493 and 1806.
43
What is the highest common divisor of 1625 and 481?
13
What is the highest common factor of 27936 and 106506?
1746
Calculate the greatest common divisor of 610 and 623908.
122
Calculate the greatest common divisor of 4 and 408544.
4
Calculate the greatest common divisor of 33 and 317603.
11
What is the greatest common factor of 70 and 12898130?
70
Calculate the greatest common divisor of 123462 and 306.
18
What is the highest common divisor of 16655 and 135?
5
What is the greatest common factor of 4602 and 6018?
354
What is the greatest common divisor of 151 and 235409?
151
What is the greatest common factor of 9 and 221931?
9
Calculate the greatest common factor of 55 and 115665.
55
What is the highest common divisor of 36 and 81864?
36
Calculate the highest common factor of 1862 and 5684.
98
Calculate the greatest common divisor of 783 and 45385.
29
Calculate the highest common factor of 626993 and 1.
1
What is the greatest common factor of 873680 and 5?
5
What is the highest common factor of 45 and 554160?
15
Calculate the highest common factor of 1587277 and 118.
59
What is the greatest common factor of 41190 and 229291?
1373
What is the greatest common factor of 7029 and 1704?
213
What is the greatest common divisor of 877 and 95593?
877
What is the greatest common factor of 11972 and 511?
73
Calculate the greatest common divisor of 117997 and 561.
187
What is the highest common divisor of 3159 and 59292?
243
Calculate the greatest common divisor of 5427 and 17487.
603
Calculate the highest common factor of 30576 and 434.
14
What is the highest common factor of 3 and 11538?
3
What is the greatest common factor of 3195172 and 1036?
148
What is the greatest common factor of 4309 and 8029?
31
What is the highest common factor of 167 and 162?
1
What is the greatest common divisor of 605 and 9895?
5
What is the greatest common divisor of 2162 and 6762?
46
Calculate the greatest common factor of 12426 and 131018.
218
Calculate the greatest common divisor of 302302 and 4186.
182
What is the highest common factor of 17446 and 22?
22
What is the greatest common factor of 568 and 5112?
568
What is the greatest common factor of 13747 and 4779?
59
What is the highest common factor of 34463 and 2353?
13
Calculate the greatest common divisor of 91 and 4927.
13
Calculate the greatest common divisor of 100 and 12925.
25
Calculate the greatest common divisor of 12 and 19048.
4
Calculate the highest common divisor of 13455 and 4251.
39
Calculate the greatest common divisor of 559 and 7787.
13
Calculate the greatest common factor of 100 and 311900.
100
Calculate the greatest common factor of 192100 and 204.
68
What is the greatest common divisor of 5 and 1637?
1
Calculate the highest common factor of 739531 and 1047.
349
Calculate the greatest common divisor of 14606 and 32918.
218
Calculate the greatest common factor of 9103254 and 6.
6
Calculate the highest common divisor of 7776 and 416.
32
What is the greatest common factor of 208386 and 255?
51
What is the greatest common factor of 690 and 40296?
138
What is the highest common factor of 1658496 and 42?
42
What is the highest common factor of 39648 and 7906?
118
Calculate the greatest common factor of 148568 and 21.
7
Calculate the highest common divisor of 73635 and 420.
15
Calculate the highest common divisor of 12 and 130348.
4
What is the highest common factor of 15805 and 500855?
545
What is the greatest common divisor of 234 and 4536558?
234
What is the greatest common divisor of 2287 and 732?
1
What is the greatest common factor of 315642 and 310?
62
Calculate the highest common divisor of 17 and 3168409.
17
What is the highest common divisor of 9054 and 144?
18
Calculate the highest common divisor of 6396 and 780.
156
Calculate the greatest common factor of 495156 and 12.
12
Calculate the highest common factor of 63304 and 984.
328
What is the highest common divisor of 225 and 16335?
45
Calculate the highest common factor of 4424 and 1972472.
632
Calculate the greatest common factor of 24900 and 664.
332
What is the highest common divisor of 2976 and 93?
93
Calculate the highest common divisor of 2267 and 5.
1
Calculate the greatest common factor of 1519 and 4681.
31
Calculate the highest common divisor of 27435 and 354.
177
Calculate the highest common divisor of 2120640 and 960.
960
Calculate the highest common divisor of 658352 and 368.
368
What is the highest common divisor of 585 and 13572?
117
Calculate the greatest common divisor of 2277224 and 35968.
2248
Calculate the highest common divisor of 68 and 159494.
34
Calculate the greatest common factor of 1578 and 652503.
789
What is the greatest common factor of 711008 and 1088?
544
Calculate the highest common factor of 973 and 19222.
7
Calculate the greatest common factor of 18 and 27266.
2
Calculate the greatest common divisor of 727395 and 60.
15
Calculate the highest common factor of 538102 and 86.
86
Calculate the highest common divisor of 124 and 100216.
4
What is the highest common divisor of 91487 and 671?
11
Calculate the greatest common divisor of 5678 and 1700.
34
What is the greatest common factor of 71585 and 12510?
695
What is the highest common factor of 18227 and 88?
11
Calculate the greatest common divisor of 4012 and 12744.
236
Calculate the greatest common factor of 11 and 1882.
1
Calculate the highest common divisor of 410 and 19670.
10
Calculate the greatest common factor of 85918 and 5814.
646
What is the highest common factor of 1113 and 681898?
371
Calculate the highest common divisor of 511 and 1468103.
511
What is the highest common divisor of 3179 and 147356?
187
Calculate the greatest common divisor of 4 and 2241492.
4
Calculate the highest common divisor of 514879 and 124.
31
What is the greatest common divisor of 2604 and 55428?
372
Calculate the highest common factor of 1571 and 3.
1
Calculate the greatest common divisor of 2 and 567383.
1
Calculate the highest common factor of 4113 and 292480.
457
What is the greatest common factor of 27888 and 26544?
336
What is the highest common factor of 200 and 99800?
200
Calculate the greatest common factor of 648 and 39744.
216
Calculate the greatest common divisor of 727622 and 14.
14
Calculate the highest common factor of 154 and 757130.
22
Calculate the highest common divisor of 23758 and 42.
14
Calculate the greatest common factor of 97612 and 115.
23
Calculate the highest common factor of 5995 and 1760.
55
What is the greatest common divisor of 9450 and 3090?
30
Calculate the highest common factor of 273 and 57582.
21
What is the greatest common divisor of 8115787 and 409?
409
Calculate the highest common factor of 497328 and 1872.
624
What is the highest common divisor of 120 and 1556710?
10
Calculate the greatest common divisor of 358 and 2502.
2
Calculate the greatest common factor of 635 and 242189.
127
Calculate the highest common divisor of 3 and 1329.
3
What is the highest common divisor of 16 and 7056?
16
What is the highest common factor of 94542 and 42?
42
Calculate the greatest common divisor of 96 and 771132.
12
What is the highest common factor of 39467 and 61?
61
Calculate the greatest common divisor of 12496 and 64.
16
What is the greatest common divisor of 2665 and 375?
5
Calculate the highest common divisor of 8579719 and 541.
541
What is the highest common divisor of 61 and 266753?
61
What is the highest common factor of 52661 and 91?
7
What is the highest common divisor of 60 and 9795?
15
What is the greatest common divisor of 6966 and 287154?
774
Calculate the greatest common divisor of 392 and 14840.
56
What is the greatest common divisor of 236 and 385034?
118
Calculate the highest common factor of 1141628 and 4.
4
Calculate the highest common divisor of 96811 and 143.
143
Calculate the greatest common factor of 138 and 4094.
46
Calculate the greatest common factor of 8379 and 4704.
147
Calculate the greatest common divisor of 1540 and 15785.
385
Calculate the greatest common divisor of 6865 and 510.
5
What is the grea